ate the remainder when p(145) is divided by 536.
2
Let c be (-1604)/(-14) - (-11)/((-616)/(-24)). Let q = c - 109. What is the remainder when (-2 + (-21)/(-2))*2 is divided by q?
5
Let z(o) = 14*o**2 + o + 15. Let m be z(-2). What is the remainder when 38 is divided by (m/(-2))/((-51)/34)?
15
Let a(p) = -p**3 - 3*p**2 - 3*p + 7. Let t be a(-11). Let f = t + -991. Let i = 28 - -56. Calculate the remainder when i is divided by f.
16
Let n be (494/(-1))/(5/(15/6)). Let s = 257 + n. Calculate the remainder when s is divided by 2*(2 + -1 - -1).
2
Suppose 7 = 44*w - 1005. What is the remainder when 1378 is divided by w?
21
Suppose 2*u - u - 111 = 0. What is the remainder when u is divided by -45*(20 - 1510/75)?
3
Let n(d) = 28*d**3 + 12*d**2 + 5*d. Let z(p) = -p**3 + 2*p**2 + p. Let u(o) = -n(o) + 6*z(o). What is the remainder when u(-1) is divided by 30?
3
Let t(n) = -n**3 - 4*n**2 + 6*n + 7. Suppose -51*r = 195*r - 1230. Calculate the remainder when r is divided by t(-5).
1
Let n(p) = -84*p**2 + 23*p - 71. Let j be n(7). What is the remainder when 35 is divided by (-12)/(-14) - j/154?
8
Let u be 1/(-3) - 13/(-3). Let k = -12908 + 12913. Suppose -b - 179 = -k*c, u*c + c + 4*b = 159. What is the remainder when c is divided by 10?
5
Let f be 159/(-2 + 3) + 2. Let d = -144 + f. What is the remainder when 117 is divided by d?
15
What is the remainder when 7732/36 + 2/2 + (-4)/(-18) is divided by 89?
38
Let q(v) be the first derivative of -19*v**2/2 - 21*v + 2. Let l(i) = -7*i + 107. Let o be l(16). Calculate the remainder when q(o) is divided by 26.
22
Let o be (6 - (-6 - 88))/(-1). What is the remainder when (-75)/o - (-65)/4 is divided by (-2)/(-9) - (-79)/9?
8
Suppose 290 = 7*s + 52. Let l(w) be the second derivative of 2*w**4/3 + w**3 - 17*w**2/2 - 24*w. Calculate the remainder when l(4) is divided by s.
33
Suppose -3*c + 6 = -4*n - 32, -5*c - 5*n = -5. Suppose 0 = c*t + t - 728. Calculate the remainder when t is divided by 54.
50
Suppose 75*w = 6*w + w + 476. Calculate the remainder when 99 is divided by w.
1
Let y(h) = -2*h**2 + 375*h + 3548. Let b = 2 - -28. What is the remainder when b is divided by y(-9)?
8
Let w = 3701 + -3400. What is the remainder when w is divided by 84?
49
What is the remainder when (629/(-3))/(3/(-21) - 15/630) is divided by 210?
208
Suppose 131*p + 143424 = 475247. What is the remainder when p is divided by 181?
180
Let y(a) = 10*a**2 - 15*a - 66. Let j be y(-5). Let z = j + -229. Calculate the remainder when z is divided by 8.
6
Let v(u) = -1427*u**3 - 247*u - 245. Calculate the remainder when v(-1) is divided by 27.
25
Suppose 2*n = 5*u + 146 - 730, -2*u + 227 = -3*n. What is the remainder when u is divided by (-9)/(2*(-2)/12)?
10
What is the remainder when ((-18)/(-54))/((-1)/(-3))*(14 + 173) is divided by 182?
5
Suppose -99*m = -29*m - 18340. What is the remainder when 2349 is divided by m?
253
Let f = -70 - -112. Suppose 0 = 12*s + 4*s - 160. Suppose -s*h = -5*h - 55. What is the remainder when f is divided by h?
9
Suppose -4 = k, -23 = 3*r - 2*k - 100. Let v = 23 - 19. Calculate the remainder when r is divided by (-29)/(-9) - (-5)/(-90)*v.
2
Suppose -2*r + 4356 = -1906*w + 1910*w, 0 = -5*r + 30. Calculate the remainder when w is divided by 489.
108
Calculate the remainder when (-66 - -74 - 15/1) + 5*96 is divided by 7.
4
Let w(p) = p**2 - 121*p - 880. Calculate the remainder when (-2)/(-2) + 106 + 2 is divided by w(-7).
13
Suppose -131 - 133 = -4*x. Let i = -290 - -308. Suppose -59 = -4*t + 21*m - i*m, m - 37 = -2*t. Calculate the remainder when x is divided by t.
15
Suppose 2*x + 3*q - 3555 = 0, 0 = 4*x - 2*q + 756 - 7842. What is the remainder when x is divided by 880?
13
Suppose 4*z = -25*z - 24389. Let u = z + 882. What is the remainder when 203 is divided by u?
39
Suppose 6*k - f = 2*k + 10, 7 = k + 2*f. Suppose 133*v - 61*v + 168*v = 1440. Calculate the remainder when v is divided by k.
0
Let w = 375 + -352. Suppose 2*q - 142 = -4*i, -w*q + i - 154 = -25*q. Calculate the remainder when 789 is divided by q.
78
Let j = 8482 - 8029. What is the remainder when 467 is divided by j?
14
Suppose 277*w = 30*w + 21295 - 7957. What is the remainder when 1134 is divided by w?
0
Suppose 242*d = 216*d + 1456. What is the remainder when 65 is divided by d?
9
Suppose -2*w + 30 = 2*z, 0 = 3*w - 3*z - 44 - 1. Suppose 4*q = 2*q - v + 9, v = -3*q + 15. Calculate the remainder when w is divided by q.
3
Let d = 9058 - 9045. What is the remainder when 7421 is divided by d?
11
Suppose 3*j - 326 = -4*o, -424*o + 421*o + 321 = 3*j. What is the remainder when j is divided by 0/(2/2) - -23?
10
Let j(l) = 5*l + 5. Suppose -5*m - 470 = 475. Let y = -16 - m. Calculate the remainder when y is divided by j(6).
33
Let d = -58 + 61. Suppose 0 = -d*v - 2*q - 76, -5*q - 113 = -v + 5*v. Let h = -2 - v. Calculate the remainder when 177 is divided by h.
17
Let c(b) = -10*b**2 + 28*b + 105. Let n be c(-4). Let x = n - -326. Calculate the remainder when x is divided by 5.
4
Suppose j - 4*m = 159, -16*m + 14*m = 2*j - 298. Calculate the remainder when j is divided by 20.
11
Suppose -u = 3*n + 8, -5*n - 1 = 5*u - 21. Let m = 66 + 21. What is the remainder when m is divided by u?
7
Suppose -4*w + 0*r = -2*r - 832, -2*w + 432 = 3*r. What is the remainder when 20/w - 3526/(-21) is divided by 34?
32
Let x be -1 + 1 - (-2 + -2 + -12). Suppose 5*s + 4*d + x = 0, -4*s + 3 = -3*d - 9. Suppose -6*g + 4*g + 26 = s. Calculate the remainder when 74 is divided by g.
9
Suppose -5*r + 56 = 4*u, -2*r = -5*r - 2*u + 34. Let s = r + 50. Let t = 2 - -14. What is the remainder when s is divided by t?
14
Let r(g) = g**3 + 9*g**2 - 17*g - 66. Suppose 160 = -84*m + 68*m. Suppose 3*l + 39 = 4*l. What is the remainder when l is divided by r(m)?
3
Let w = -71 + 73. Suppose -4*j = 3*v - 2*v + 23, j = -2*v - 67. Calculate the remainder when 33 is divided by ((-42)/v)/(w/20).
9
Let k(j) = 164*j - 4078. Calculate the remainder when 1428 is divided by k(25).
20
Let y(b) = 2*b**3 + 3*b**2 - 6*b + 6. Let o = -78 - -63. Let u = o - -122. What is the remainder when u is divided by y(2)?
19
Suppose 3*f + 189 = 2*b - 51, 160 = -2*f + b. Let i = f + 82. Suppose -i*o + m + 12 = -m, -3*m = 5*o - 54. What is the remainder when 60 is divided by o?
6
Suppose 4*d + 4*l - 45 - 19 = 0, -4*l - 48 = -3*d. Let f = -255 + 298. What is the remainder when f is divided by d?
11
Let w(k) = 5*k**2 + 11*k - 3*k**2 - 3 - 2. Let o be w(-8). Suppose -r = 0, -5*d + o = -r - 35. Calculate the remainder when 39 is divided by d.
11
What is the remainder when 3/5 + -3 + (-11298)/(-70) is divided by 46?
21
Suppose 2*s = -267 + 287. Suppose s*r - 1382 = 458. What is the remainder when r is divided by 2317/63 - 2/(-9)?
36
Let i = -212 + 227. What is the remainder when 27 is divided by 2/18 - ((-53)/9 - i)?
6
Suppose 7*w - 2025 - 1601 = 0. Calculate the remainder when w is divided by 87.
83
Suppose -452 + 34 = -22*z. Suppose 4*s - j - 17 + 6 = 0, -2*s - 2*j + 18 = 0. Calculate the remainder when 138/s + (-4)/(-8) is divided by z.
16
Suppose -2*j + 45 = j. Let p(l) = 2*l**2 + 66*l + 42. Let f be -28 - (1 + 28/7). What is the remainder when p(f) is divided by j?
12
Suppose 52*k - 15352 = -2253 + 9573. Calculate the remainder when k is divided by 57.
37
Let s be (0 - -1) + -1 - 66. Let f be (-20)/(87/18 + -5). Let d = s + f. What is the remainder when d is divided by 14?
12
Let a(f) = f**2 - 8*f + 5. Let s(b) = -b**3 + 3*b**2 - 13*b + 11. Let h(j) = 5*a(j) - 3*s(j). Calculate the remainder when 124 is divided by h(3).
22
Let x = -203 + 246. Calculate the remainder when x is divided by (12/(-10))/(1 + (-172)/160).
11
Let o(v) = 14*v**3 - 19*v**2 + 12*v - 20. What is the remainder when 2079 is divided by o(2)?
39
Let o(f) = -f**3 + 10*f**2 - 6*f + 4. Let u be o(5). Suppose -u - 54 = -17*q. What is the remainder when 35 is divided by q?
8
Let i(n) = 99*n + 1986. What is the remainder when 851 is divided by i(-19)?
11
Let u(m) = -m**3 - m**2 - 2*m - 2. Let k = -475111 + 475255. Calculate the remainder when k is divided by u(-3).
12
Let s = 221 - 234. Let g(m) = -m**2 - 11*m + 66. What is the remainder when g(s) is divided by 14?
12
Let i = -17 + 29. Let r = -184608 + 184715. Calculate the remainder when r is divided by 